{"id":11390,"date":"2023-02-24T12:54:14","date_gmt":"2023-02-24T11:54:14","guid":{"rendered":"https:\/\/www.derniersou.fr\/?post_type=product&#038;p=11390"},"modified":"2025-12-05T02:19:11","modified_gmt":"2025-12-05T01:19:11","slug":"cadre-toilettes-cote-obscur-dark-vador","status":"publish","type":"product","link":"https:\/\/www.derniersou.fr\/index.php\/produit\/cadre-toilettes-cote-obscur-dark-vador\/","title":{"rendered":"Cadre Lib\u00e9rer Le Cot\u00e9 Obscur"},"content":{"rendered":"<p>Cadre personnalis\u00e9 <strong>LIBERER LE COTE OBSCUR<\/strong>.<\/p>\n<p>\u00ab\u00a0Un Cadre Pour Chaque Occasion\u00a0\u00bb<\/p>\n<p><strong>Caract\u00e9ristiques<\/strong><\/p>\n<p>Cadre Noir de dimensions : 28,5cm x 23cm<br \/>\nProfondeur du cadre : 6cm<br \/>\nFond du cadre: Noir Fum\u00e9e<br \/>\nPerles d&rsquo;\u00e9critures: Noires<br \/>\nPersonnages: DARK VADOR et TOILETTES<\/p>\n<p>Cadre Vitrine en Bois \u00e0 <strong>Accrocher<\/strong> ou \u00e0 <strong>poser<\/strong>.<\/p>\n<p><strong>Vous souhaitez un cadre personnalis\u00e9?<\/strong><br \/>\nEcrivez nous \u00e0 <strong>lederniersou@gmail.com<\/strong> pour toute demande particuli\u00e8re. Nous pouvons vous faire du sur-mesure  pour un cadeau unique.<br \/>\nUne d\u00e9claration \u00e0 faire ? dites le avec un cadre.<\/p>\n","protected":false},"excerpt":{"rendered":"<p>Cadre personnalis\u00e9 <strong>ALL STAR GAME<\/strong>.<\/p>\n<p>\u00ab\u00a0Un Cadre Pour Chaque Occasion\u00a0\u00bb<\/p>\n<p><strong>Caract\u00e9ristiques<\/strong><\/p>\n<p>Cadre Noir de dimensions : 28,5cm x 23cm<br \/>\nProfondeur du cadre : 6cm<br \/>\nFond du cadre: Li\u00e8ge<br \/>\nPerles d&rsquo;\u00e9critures: Noires<br \/>\nPersonnages: DWYANE WADE, KOBE BRYANT et LEBRON JAMES<\/p>\n","protected":false},"featured_media":11364,"comment_status":"open","ping_status":"closed","template":"","meta":{"_mi_skip_tracking":false,"_exactmetrics_sitenote_active":false,"_exactmetrics_sitenote_note":"","_exactmetrics_sitenote_category":0,"jetpack_post_was_ever_published":false,"jetpack_publicize_message":"","jetpack_publicize_feature_enabled":true,"jetpack_social_post_already_shared":true,"jetpack_social_options":{"image_generator_settings":{"template":"highway","enabled":false}}},"product_brand":[],"product_cat":[59],"product_tag":[],"class_list":{"0":"post-11390","1":"product","2":"type-product","3":"status-publish","4":"has-post-thumbnail","6":"product_cat-cadres-personnalises","7":"product_shipping_class-cadre-personnalise","9":"first","10":"outofstock","11":"shipping-taxable","12":"purchasable","13":"product-type-simple"},"jetpack_publicize_connections":[],"yoast_head":"<!-- This site is optimized with the Yoast SEO plugin v21.5 - https:\/\/yoast.com\/wordpress\/plugins\/seo\/ -->\n<title>Cadre Lib\u00e9rer Le Cot\u00e9 Obscur - LE DERNIER SOU<\/title>\n<meta name=\"description\" content=\"Cadre personnalis\u00e9 LIBERER LE COTE OBSCUR avec DARK VADOR et Toilettes\" \/>\n<meta name=\"robots\" content=\"index, follow, max-snippet:-1, max-image-preview:large, max-video-preview:-1\" \/>\n<link rel=\"canonical\" href=\"https:\/\/www.derniersou.fr\/index.php\/produit\/cadre-toilettes-cote-obscur-dark-vador\/\" \/>\n<meta property=\"og:locale\" content=\"fr_FR\" \/>\n<meta property=\"og:type\" content=\"article\" \/>\n<meta property=\"og:title\" content=\"Cadre Lib\u00e9rer Le Cot\u00e9 Obscur - LE DERNIER SOU\" \/>\n<meta property=\"og:description\" content=\"Cadre personnalis\u00e9 LIBERER LE COTE OBSCUR avec DARK VADOR et Toilettes\" \/>\n<meta property=\"og:url\" content=\"https:\/\/www.derniersou.fr\/index.php\/produit\/cadre-toilettes-cote-obscur-dark-vador\/\" \/>\n<meta property=\"og:site_name\" content=\"LE DERNIER SOU\" \/>\n<meta property=\"article:publisher\" content=\"https:\/\/www.facebook.com\/lederniersou\/\" \/>\n<meta property=\"article:modified_time\" content=\"2025-12-05T01:19:11+00:00\" \/>\n<meta property=\"og:image\" content=\"https:\/\/i0.wp.com\/www.derniersou.fr\/wp-content\/uploads\/2023\/02\/Cadre-Lego-Toilettes-cote-obscur.jpeg?fit=1536%2C2048&ssl=1\" \/>\n\t<meta property=\"og:image:width\" content=\"1536\" \/>\n\t<meta property=\"og:image:height\" content=\"2048\" \/>\n\t<meta property=\"og:image:type\" content=\"image\/jpeg\" \/>\n<meta name=\"twitter:card\" content=\"summary_large_image\" \/>\n<script type=\"application\/ld+json\" class=\"yoast-schema-graph\">{\"@context\":\"https:\/\/schema.org\",\"@graph\":[{\"@type\":\"WebPage\",\"@id\":\"https:\/\/www.derniersou.fr\/index.php\/produit\/cadre-toilettes-cote-obscur-dark-vador\/\",\"url\":\"https:\/\/www.derniersou.fr\/index.php\/produit\/cadre-toilettes-cote-obscur-dark-vador\/\",\"name\":\"Cadre Lib\u00e9rer Le Cot\u00e9 Obscur - LE DERNIER SOU\",\"isPartOf\":{\"@id\":\"https:\/\/www.derniersou.fr\/#website\"},\"datePublished\":\"2023-02-24T11:54:14+00:00\",\"dateModified\":\"2025-12-05T01:19:11+00:00\",\"description\":\"Cadre personnalis\u00e9 LIBERER LE COTE OBSCUR avec DARK VADOR et Toilettes\",\"breadcrumb\":{\"@id\":\"https:\/\/www.derniersou.fr\/index.php\/produit\/cadre-toilettes-cote-obscur-dark-vador\/#breadcrumb\"},\"inLanguage\":\"fr-FR\",\"potentialAction\":[{\"@type\":\"ReadAction\",\"target\":[\"https:\/\/www.derniersou.fr\/index.php\/produit\/cadre-toilettes-cote-obscur-dark-vador\/\"]}]},{\"@type\":\"BreadcrumbList\",\"@id\":\"https:\/\/www.derniersou.fr\/index.php\/produit\/cadre-toilettes-cote-obscur-dark-vador\/#breadcrumb\",\"itemListElement\":[{\"@type\":\"ListItem\",\"position\":1,\"name\":\"Accueil\",\"item\":\"https:\/\/www.derniersou.fr\/\"},{\"@type\":\"ListItem\",\"position\":2,\"name\":\"Boutique\",\"item\":\"https:\/\/www.derniersou.fr\/index.php\/boutique\/\"},{\"@type\":\"ListItem\",\"position\":3,\"name\":\"Cadre Lib\u00e9rer Le Cot\u00e9 Obscur\"}]},{\"@type\":\"WebSite\",\"@id\":\"https:\/\/www.derniersou.fr\/#website\",\"url\":\"https:\/\/www.derniersou.fr\/\",\"name\":\"LE DERNIER SOU\",\"description\":\"Fabriqu\u00e9 en France\",\"potentialAction\":[{\"@type\":\"SearchAction\",\"target\":{\"@type\":\"EntryPoint\",\"urlTemplate\":\"https:\/\/www.derniersou.fr\/?s={search_term_string}\"},\"query-input\":\"required name=search_term_string\"}],\"inLanguage\":\"fr-FR\"}]}<\/script>\n<!-- \/ Yoast SEO plugin. -->","yoast_head_json":{"title":"Cadre Lib\u00e9rer Le Cot\u00e9 Obscur - LE DERNIER SOU","description":"Cadre personnalis\u00e9 LIBERER LE COTE OBSCUR avec DARK VADOR et Toilettes","robots":{"index":"index","follow":"follow","max-snippet":"max-snippet:-1","max-image-preview":"max-image-preview:large","max-video-preview":"max-video-preview:-1"},"canonical":"https:\/\/www.derniersou.fr\/index.php\/produit\/cadre-toilettes-cote-obscur-dark-vador\/","og_locale":"fr_FR","og_type":"article","og_title":"Cadre Lib\u00e9rer Le Cot\u00e9 Obscur - LE DERNIER SOU","og_description":"Cadre personnalis\u00e9 LIBERER LE COTE OBSCUR avec DARK VADOR et Toilettes","og_url":"https:\/\/www.derniersou.fr\/index.php\/produit\/cadre-toilettes-cote-obscur-dark-vador\/","og_site_name":"LE DERNIER SOU","article_publisher":"https:\/\/www.facebook.com\/lederniersou\/","article_modified_time":"2025-12-05T01:19:11+00:00","og_image":[{"width":1536,"height":2048,"url":"https:\/\/i0.wp.com\/www.derniersou.fr\/wp-content\/uploads\/2023\/02\/Cadre-Lego-Toilettes-cote-obscur.jpeg?fit=1536%2C2048&ssl=1","type":"image\/jpeg"}],"twitter_card":"summary_large_image","schema":{"@context":"https:\/\/schema.org","@graph":[{"@type":"WebPage","@id":"https:\/\/www.derniersou.fr\/index.php\/produit\/cadre-toilettes-cote-obscur-dark-vador\/","url":"https:\/\/www.derniersou.fr\/index.php\/produit\/cadre-toilettes-cote-obscur-dark-vador\/","name":"Cadre Lib\u00e9rer Le Cot\u00e9 Obscur - LE DERNIER SOU","isPartOf":{"@id":"https:\/\/www.derniersou.fr\/#website"},"datePublished":"2023-02-24T11:54:14+00:00","dateModified":"2025-12-05T01:19:11+00:00","description":"Cadre personnalis\u00e9 LIBERER LE COTE OBSCUR avec DARK VADOR et Toilettes","breadcrumb":{"@id":"https:\/\/www.derniersou.fr\/index.php\/produit\/cadre-toilettes-cote-obscur-dark-vador\/#breadcrumb"},"inLanguage":"fr-FR","potentialAction":[{"@type":"ReadAction","target":["https:\/\/www.derniersou.fr\/index.php\/produit\/cadre-toilettes-cote-obscur-dark-vador\/"]}]},{"@type":"BreadcrumbList","@id":"https:\/\/www.derniersou.fr\/index.php\/produit\/cadre-toilettes-cote-obscur-dark-vador\/#breadcrumb","itemListElement":[{"@type":"ListItem","position":1,"name":"Accueil","item":"https:\/\/www.derniersou.fr\/"},{"@type":"ListItem","position":2,"name":"Boutique","item":"https:\/\/www.derniersou.fr\/index.php\/boutique\/"},{"@type":"ListItem","position":3,"name":"Cadre Lib\u00e9rer Le Cot\u00e9 Obscur"}]},{"@type":"WebSite","@id":"https:\/\/www.derniersou.fr\/#website","url":"https:\/\/www.derniersou.fr\/","name":"LE DERNIER SOU","description":"Fabriqu\u00e9 en France","potentialAction":[{"@type":"SearchAction","target":{"@type":"EntryPoint","urlTemplate":"https:\/\/www.derniersou.fr\/?s={search_term_string}"},"query-input":"required name=search_term_string"}],"inLanguage":"fr-FR"}]}},"jetpack_sharing_enabled":true,"jetpack-related-posts":[],"jetpack_likes_enabled":true,"_links":{"self":[{"href":"https:\/\/www.derniersou.fr\/index.php\/wp-json\/wp\/v2\/product\/11390","targetHints":{"allow":["GET"]}}],"collection":[{"href":"https:\/\/www.derniersou.fr\/index.php\/wp-json\/wp\/v2\/product"}],"about":[{"href":"https:\/\/www.derniersou.fr\/index.php\/wp-json\/wp\/v2\/types\/product"}],"replies":[{"embeddable":true,"href":"https:\/\/www.derniersou.fr\/index.php\/wp-json\/wp\/v2\/comments?post=11390"}],"wp:featuredmedia":[{"embeddable":true,"href":"https:\/\/www.derniersou.fr\/index.php\/wp-json\/wp\/v2\/media\/11364"}],"wp:attachment":[{"href":"https:\/\/www.derniersou.fr\/index.php\/wp-json\/wp\/v2\/media?parent=11390"}],"wp:term":[{"taxonomy":"product_brand","embeddable":true,"href":"https:\/\/www.derniersou.fr\/index.php\/wp-json\/wp\/v2\/product_brand?post=11390"},{"taxonomy":"product_cat","embeddable":true,"href":"https:\/\/www.derniersou.fr\/index.php\/wp-json\/wp\/v2\/product_cat?post=11390"},{"taxonomy":"product_tag","embeddable":true,"href":"https:\/\/www.derniersou.fr\/index.php\/wp-json\/wp\/v2\/product_tag?post=11390"}],"curies":[{"name":"wp","href":"https:\/\/api.w.org\/{rel}","templated":true}]}}

Cadre Libérer Le Coté Obscur

<p>Cadre personnalisé <strong>LIBERER LE COTE OBSCUR</strong>.</p>
<p>« Un Cadre Pour Chaque Occasion »</p>
<p><strong>Caractéristiques</strong></p>
<p>Cadre Noir de dimensions : 28,5cm x 23cm<br />
Profondeur du cadre : 6cm<br />
Fond du cadre: Noir Fumée<br />
Perles d&rsquo;écritures: Noires<br />
Personnages: DARK VADOR et TOILETTES</p>
<p>Cadre Vitrine en Bois à <strong>Accrocher</strong> ou à <strong>poser</strong>.</p>
<p><strong>Vous souhaitez un cadre personnalisé?</strong><br />
Ecrivez nous à <strong>lederniersou@gmail.com</strong> pour toute demande particulière. Nous pouvons vous faire du sur-mesure  pour un cadeau unique.<br />
Une déclaration à faire ? dites le avec un cadre.</p>

<p>Cadre personnalisé <strong>ALL STAR GAME</strong>.</p>
<p>« Un Cadre Pour Chaque Occasion »</p>
<p><strong>Caractéristiques</strong></p>
<p>Cadre Noir de dimensions : 28,5cm x 23cm<br />
Profondeur du cadre : 6cm<br />
Fond du cadre: Liège<br />
Perles d&rsquo;écritures: Noires<br />
Personnages: DWYANE WADE, KOBE BRYANT et LEBRON JAMES</p>

<!-- This site is optimized with the Yoast SEO plugin v21.5 - https://yoast.com/wordpress/plugins/seo/ -->
<title>Cadre Libérer Le Coté Obscur - LE DERNIER SOU</title>
<meta name="description" content="Cadre personnalisé LIBERER LE COTE OBSCUR avec DARK VADOR et Toilettes" />
<meta name="robots" content="index, follow, max-snippet:-1, max-image-preview:large, max-video-preview:-1" />
<link rel="canonical" href="https://www.derniersou.fr/index.php/produit/cadre-toilettes-cote-obscur-dark-vador/" />
<meta property="og:locale" content="fr_FR" />
<meta property="og:type" content="article" />
<meta property="og:title" content="Cadre Libérer Le Coté Obscur - LE DERNIER SOU" />
<meta property="og:description" content="Cadre personnalisé LIBERER LE COTE OBSCUR avec DARK VADOR et Toilettes" />
<meta property="og:url" content="https://www.derniersou.fr/index.php/produit/cadre-toilettes-cote-obscur-dark-vador/" />
<meta property="og:site_name" content="LE DERNIER SOU" />
<meta property="article:publisher" content="https://www.facebook.com/lederniersou/" />
<meta property="article:modified_time" content="2025-12-05T01:19:11+00:00" />
<meta property="og:image" content="https://i0.wp.com/www.derniersou.fr/wp-content/uploads/2023/02/Cadre-Lego-Toilettes-cote-obscur.jpeg?fit=1536%2C2048&ssl=1" />
	<meta property="og:image:width" content="1536" />
	<meta property="og:image:height" content="2048" />
	<meta property="og:image:type" content="image/jpeg" />
<meta name="twitter:card" content="summary_large_image" />
<script type="application/ld+json" class="yoast-schema-graph">{"@context":"https://schema.org","@graph":[{"@type":"WebPage","@id":"https://www.derniersou.fr/index.php/produit/cadre-toilettes-cote-obscur-dark-vador/","url":"https://www.derniersou.fr/index.php/produit/cadre-toilettes-cote-obscur-dark-vador/","name":"Cadre Libérer Le Coté Obscur - LE DERNIER SOU","isPartOf":{"@id":"https://www.derniersou.fr/#website"},"datePublished":"2023-02-24T11:54:14+00:00","dateModified":"2025-12-05T01:19:11+00:00","description":"Cadre personnalisé LIBERER LE COTE OBSCUR avec DARK VADOR et Toilettes","breadcrumb":{"@id":"https://www.derniersou.fr/index.php/produit/cadre-toilettes-cote-obscur-dark-vador/#breadcrumb"},"inLanguage":"fr-FR","potentialAction":[{"@type":"ReadAction","target":["https://www.derniersou.fr/index.php/produit/cadre-toilettes-cote-obscur-dark-vador/"]}]},{"@type":"BreadcrumbList","@id":"https://www.derniersou.fr/index.php/produit/cadre-toilettes-cote-obscur-dark-vador/#breadcrumb","itemListElement":[{"@type":"ListItem","position":1,"name":"Accueil","item":"https://www.derniersou.fr/"},{"@type":"ListItem","position":2,"name":"Boutique","item":"https://www.derniersou.fr/index.php/boutique/"},{"@type":"ListItem","position":3,"name":"Cadre Libérer Le Coté Obscur"}]},{"@type":"WebSite","@id":"https://www.derniersou.fr/#website","url":"https://www.derniersou.fr/","name":"LE DERNIER SOU","description":"Fabriqué en France","potentialAction":[{"@type":"SearchAction","target":{"@type":"EntryPoint","urlTemplate":"https://www.derniersou.fr/?s={search_term_string}"},"query-input":"required name=search_term_string"}],"inLanguage":"fr-FR"}]}</script>
<!-- / Yoast SEO plugin. -->

Cadre Libérer Le Coté Obscur - LE DERNIER SOU

Cadre personnalisé LIBERER LE COTE OBSCUR avec DARK VADOR et Toilettes

Fabriqué en France
